{"id":181,"date":"2017-09-29T09:18:55","date_gmt":"2017-09-29T12:18:55","guid":{"rendered":"https:\/\/www.margaritamariamilagros.com\/?page_id=181"},"modified":"2023-08-29T15:21:07","modified_gmt":"2023-08-29T19:21:07","slug":"un-poco-sobre","status":"publish","type":"page","link":"https:\/\/www.margaritamariamilagros.com\/?page_id=181&lang=es","title":{"rendered":"BIO"},"content":{"rendered":"\t\t<div data-elementor-type=\"wp-page\" data-elementor-id=\"181\" class=\"elementor elementor-181\" data-elementor-settings=\"[]\">\n\t\t\t\t\t\t<div class=\"elementor-inner\">\n\t\t\t\t\t\t\t<div class=\"elementor-section-wrap\">\n\t\t\t\t\t\t\t<section class=\"elementor-section elementor-top-section elementor-element elementor-element-ed33365 elementor-section-boxed elementor-section-height-default elementor-section-height-default\" data-id=\"ed33365\" data-element_type=\"section\">\n\t\t\t\t\t\t<div class=\"elementor-container elementor-column-gap-default\">\n\t\t\t\t\t\t\t<div class=\"elementor-row\">\n\t\t\t\t\t<div class=\"elementor-column elementor-col-100 elementor-top-column elementor-element elementor-element-50efcf2\" data-id=\"50efcf2\" data-element_type=\"column\">\n\t\t\t<div class=\"elementor-column-wrap elementor-element-populated\">\n\t\t\t\t\t\t\t<div class=\"elementor-widget-wrap\">\n\t\t\t\t\t\t<div class=\"elementor-element elementor-element-a516663 elementor-widget elementor-widget-image\" data-id=\"a516663\" data-element_type=\"widget\" data-widget_type=\"image.default\">\n\t\t\t\t<div class=\"elementor-widget-container\">\n\t\t\t\t\t<div class=\"elementor-image\">\n\t\t\t\t\t\t\t\t\t\t<img loading=\"lazy\" decoding=\"async\" width=\"294\" height=\"300\" src=\"https:\/\/www.margaritamariamilagros.com\/wp-content\/uploads\/2021\/12\/asolas-19-294x300.jpg\" class=\"attachment-medium size-medium\" alt=\"\" srcset=\"https:\/\/www.margaritamariamilagros.com\/wp-content\/uploads\/2021\/12\/asolas-19-294x300.jpg 294w, https:\/\/www.margaritamariamilagros.com\/wp-content\/uploads\/2021\/12\/asolas-19-1004x1024.jpg 1004w, https:\/\/www.margaritamariamilagros.com\/wp-content\/uploads\/2021\/12\/asolas-19-768x783.jpg 768w, https:\/\/www.margaritamariamilagros.com\/wp-content\/uploads\/2021\/12\/asolas-19.jpg 1471w\" sizes=\"auto, 100vw\" \/>\t\t\t\t\t\t\t\t\t\t\t<\/div>\n\t\t\t\t<\/div>\n\t\t\t\t<\/div>\n\t\t\t\t\t\t<\/div>\n\t\t\t\t\t<\/div>\n\t\t<\/div>\n\t\t\t\t\t\t\t\t<\/div>\n\t\t\t\t\t<\/div>\n\t\t<\/section>\n\t\t\t\t<section class=\"elementor-section elementor-top-section elementor-element elementor-element-5eaa69d elementor-section-boxed elementor-section-height-default elementor-section-height-default\" data-id=\"5eaa69d\" data-element_type=\"section\">\n\t\t\t\t\t\t<div class=\"elementor-container elementor-column-gap-default\">\n\t\t\t\t\t\t\t<div class=\"elementor-row\">\n\t\t\t\t\t<div class=\"elementor-column elementor-col-100 elementor-top-column elementor-element elementor-element-9daf827\" data-id=\"9daf827\" data-element_type=\"column\">\n\t\t\t<div class=\"elementor-column-wrap elementor-element-populated\">\n\t\t\t\t\t\t\t<div class=\"elementor-widget-wrap\">\n\t\t\t\t\t\t<div class=\"elementor-element elementor-element-271987c elementor-invisible elementor-widget elementor-widget-text-editor\" data-id=\"271987c\" data-element_type=\"widget\" data-settings=\"{&quot;_animation&quot;:&quot;fadeIn&quot;}\" data-widget_type=\"text-editor.default\">\n\t\t\t\t<div class=\"elementor-widget-container\">\n\t\t\t\t\t<div class=\"elementor-text-editor elementor-clearfix\"><p><span style=\"text-align: center; white-space: pre-wrap;\">Margarita Mar\u00eda Milagros es una artista multidisciplinar colombiana, nacida en Bogot\u00e1. Su obra consiste en proyectos de body art, performance y video en espacios convencionales y no convencionales, enfocados en el universo femenino. Las fuentes de su trabajo vienen de la danza, el maquillaje art\u00edstico y la escenograf\u00eda. <\/span><\/p><p><span style=\"text-align: center; white-space: pre-wrap;\">Viene de una familia de m\u00fasicos aficionados, artesanos y actores profesionales. Su primer contacto con el arte se inicia en la danza, m\u00e1s espec\u00edficamente, con el ballet cl\u00e1sico. Empez\u00f3 a danzar desde ni\u00f1a en la escuela de danza de su madre. Su infancia estuvo, entonces, rodeada de vestuario de diferentes estilos, tocados, lentejuelas e instrumentos musicales. Paralelo a la danza estudi\u00f3 Dise\u00f1o de Interiores en Bogot\u00e1, Colombia; Escenograf\u00eda y vestuario y Maquillaje Esc\u00e9nico en S\u00e3o Paulo, Brasil. <\/span><\/p><p><span style=\"text-align: center; white-space: pre-wrap;\">El trabajo dentro y fuera de la escena la han llevado a explorar como pregunta en su obras de foto y video performance, insitu y para escena, el universo femenino en sus tensiones entre la vida privada y la p\u00fablica, entre la intimidad del cuerpo y su presentaci\u00f3n exterior. <\/span><\/p><p><span style=\"text-align: center; white-space: pre-wrap;\">La creaci\u00f3n tanto como la vida se mueven entre el haz y el env\u00e9s del cuerpo, mostrando la mejor cara para salir a la escena y muchas veces la cara oculta en la tras escena. Son estas tensiones, la exploraci\u00f3n del paso del tiempo, la inmigraci\u00f3n y la sexualidad dentro del cotidiano y extra cotidiano de la mujer los motivos que orientan su obra. <\/span><\/p><p><span style=\"text-align: center; white-space: pre-wrap;\">El afuera y el adentro relacionados con nuestros miedos, sue\u00f1os, fragilidades, la exposici\u00f3n de nuestros secretos, lo que nos averg\u00fcenza y lo que nos da placer.<\/span><\/p><\/div>\n\t\t\t\t<\/div>\n\t\t\t\t<\/div>\n\t\t\t\t<div class=\"elementor-element elementor-element-51602cb elementor-button-info elementor-align-center elementor-widget elementor-widget-button\" data-id=\"51602cb\" data-element_type=\"widget\" data-widget_type=\"button.default\">\n\t\t\t\t<div class=\"elementor-widget-container\">\n\t\t\t\t\t<div class=\"elementor-button-wrapper\">\n\t\t\t<a href=\"https:\/\/www.linkedin.com\/in\/margarita-mar%C3%ADa-milagros-55683833\/\" class=\"elementor-button-link elementor-button elementor-size-sm\" role=\"button\">\n\t\t\t\t\t\t<span class=\"elementor-button-content-wrapper\">\n\t\t\t\t\t\t<span class=\"elementor-button-icon elementor-align-icon-left\">\n\t\t\t\t<i aria-hidden=\"true\" class=\"fab fa-linkedin\"><\/i>\t\t\t<\/span>\n\t\t\t\t\t\t<span class=\"elementor-button-text\">LinkedIn<\/span>\n\t\t<\/span>\n\t\t\t\t\t<\/a>\n\t\t<\/div>\n\t\t\t\t<\/div>\n\t\t\t\t<\/div>\n\t\t\t\t<div class=\"elementor-element elementor-element-9bf042a elementor-invisible elementor-widget elementor-widget-text-editor\" data-id=\"9bf042a\" data-element_type=\"widget\" data-settings=\"{&quot;_animation&quot;:&quot;fadeIn&quot;}\" data-widget_type=\"text-editor.default\">\n\t\t\t\t<div class=\"elementor-widget-container\">\n\t\t\t\t\t<div class=\"elementor-text-editor elementor-clearfix\"><p>\u00a0<\/p><p><b><u>Festivales, performances y exposiciones<\/u><\/b><\/p><p><span style=\"white-space: pre-wrap;\">Video performance &#8220;Traces&#8221;:<\/span><\/p><p><span style=\"white-space: pre-wrap;\">Residencia art\u00edstica y exposici\u00f3n colectiva Mango residencia para artistas y Les ateliers de cr\u00e9ation et d&#8217;expression artistique, Argentina, Francia (2023).<\/span><\/p><p><span style=\"color: var( --e-global-color-text ); letter-spacing: 1.7px; white-space: pre-wrap;\">Video arte \u201cEl otro lado\u201d:<\/span><\/p><p><span style=\"color: var( --e-global-color-text ); letter-spacing: 1.7px; white-space: pre-wrap;\">P<\/span><span style=\"color: var( --e-global-color-text ); letter-spacing: 1.7px; white-space: pre-wrap;\">royecto Art.\u00c9cran en la Place de la Cr\u00e9ation, <\/span><span style=\"color: var( --e-global-color-text ); letter-spacing: 1.7px; white-space: pre-wrap;\">Montreal, Canad\u00e1 (2022) &#8211; Exposici\u00f3n individual en el Foro del centro cultural digital Yilaob, <\/span><span style=\"white-space: pre-wrap;\">CDMX, M\u00e9xico (2023).<br \/><\/span><\/p><p><span style=\"white-space: pre-wrap;\">Foto-performance &#8220;A solas&#8221;:<\/span><\/p><p><span style=\"color: var( --e-global-color-text ); letter-spacing: 1.7px; white-space: pre-wrap;\">Exposici\u00f3n individual en el Foro del centro cultural digital Yilaob, <\/span><span style=\"letter-spacing: 1.7px; white-space: pre-wrap;\">CDMX, M\u00e9xico (2023).<\/span><span style=\"white-space: pre-wrap;\"><br \/><\/span><\/p><p style=\"letter-spacing: 1.7px;\"><span style=\"letter-spacing: 1.7px; white-space: pre-wrap;\">Video performance &#8220;Secretos de primavera&#8221;:<\/span><\/p><p style=\"letter-spacing: 1.7px;\"><span style=\"white-space: pre-wrap;\">13a edici\u00f3n online del festival \u201cVis\u00f5es Urbanas\u201d (Festival Internacional de dan\u00e7a em paisagens urbanas), S\u00e3o Paulo,Brasil <\/span><span style=\"letter-spacing: 1.7px; white-space: pre-wrap; color: var( --e-global-color-text );\">(2021) &#8211; P<\/span><span style=\"letter-spacing: 1.7px; white-space: pre-wrap; color: var( --e-global-color-text );\">royecto Art.\u00c9cran en la Place de la Cr\u00e9ation, <\/span><span style=\"letter-spacing: 1.7px; white-space: pre-wrap; color: var( --e-global-color-text );\">Montreal, Canad\u00e1 (2022).<\/span><\/p><p style=\"letter-spacing: 1.7px;\"><span style=\"white-space: pre-wrap;\">Danza-teatro \u201cAyer\u201d :<\/span><\/p><p style=\"letter-spacing: 1.7px;\"><span style=\"white-space: pre-wrap; color: var( --e-global-color-text ); letter-spacing: 1.7px;\">La Fuente (laboratorio <\/span><span style=\"white-space: pre-wrap; color: var( --e-global-color-text ); letter-spacing: 1.7px;\">art\u00edstico), Teatro Sala Seki Sano y La Otra Guarida (espacio cultural), en Bogot\u00e1, Colombia &#8211; Festival<\/span><span style=\"white-space: pre-wrap; color: var( --e-global-color-text ); letter-spacing: 1.7px;\"> \u201cExperiments in Cinema\u201d de Basement Films, edici\u00f3n online, <\/span><span style=\"white-space: pre-wrap; color: var( --e-global-color-text ); letter-spacing: 1.7px;\">Alburquerque, Nuevo M\u00e9xico, USA (2021).<\/span><\/p><p style=\"letter-spacing: 1.7px;\"><span style=\"white-space: pre-wrap; color: var( --e-global-color-text ); letter-spacing: 1.7px;\">Foto-peformance \u201cDaydreaming\u201d:<\/span><\/p><p style=\"letter-spacing: 1.7px;\"><span style=\"color: var( --e-global-color-text ); letter-spacing: 1.7px; white-space: pre-wrap;\">Festival<\/span><span style=\"color: var( --e-global-color-text ); letter-spacing: 1.7px; white-space: pre-wrap;\"> \u201cExperiments in Cinema\u201d de Basement Films, edici\u00f3n online, <\/span><span style=\"color: var( --e-global-color-text ); letter-spacing: 1.7px; white-space: pre-wrap;\">Alburquerque, Nuevo M\u00e9xico, USA (2021).<\/span><\/p><p style=\"letter-spacing: 1.7px;\"><span style=\"white-space: pre-wrap;\">Video-performance \u201cAguja e Hilo\u201d:<\/span><\/p><p style=\"letter-spacing: 1.7px;\"><span style=\"white-space: pre-wrap; color: var( --e-global-color-text ); letter-spacing: 1.7px;\">3a edici\u00f3n de <\/span><span style=\"white-space: pre-wrap; color: var( --e-global-color-text ); letter-spacing: 1.7px;\">\u201cOcupa\u00e7\u00e3o Ov\u00e1rias\u201d R\u00edo de Janeiro, Brasil (2018) &#8211; 8o. Festival Internacional de Videoarte, <\/span><span style=\"white-space: pre-wrap; color: var( --e-global-color-text ); letter-spacing: 1.7px;\">Camag\u00fcey, Cuba &#8211; XXVIII Festival Mujeres en Escena por la Paz &#8211; Bogot\u00e1, Colombia (2019).<\/span><\/p><\/div>\n\t\t\t\t<\/div>\n\t\t\t\t<\/div>\n\t\t\t\t\t\t<\/div>\n\t\t\t\t\t<\/div>\n\t\t<\/div>\n\t\t\t\t\t\t\t\t<\/div>\n\t\t\t\t\t<\/div>\n\t\t<\/section>\n\t\t\t\t\t\t<\/div>\n\t\t\t\t\t\t<\/div>\n\t\t\t\t\t<\/div>\n\t\t","protected":false},"excerpt":{"rendered":"<p>Margarita Mar\u00eda Milagros es una artista multidisciplinar colombiana, nacida en Bogot\u00e1. Su obra consiste en proyectos de body art, performance y video en espacios convencionales y no convencionales, enfocados en el universo femenino. Las fuentes de su trabajo vienen de la danza, el maquillaje art\u00edstico y la escenograf\u00eda. Viene de una familia de m\u00fasicos aficionados, &hellip; <\/p>\n<p class=\"link-more\"><a href=\"https:\/\/www.margaritamariamilagros.com\/?page_id=181&#038;lang=es\" class=\"more-link\">Continue reading<span class=\"screen-reader-text\"> &#8220;BIO&#8221;<\/span><\/a><\/p>\n","protected":false},"author":1,"featured_media":0,"parent":0,"menu_order":0,"comment_status":"closed","ping_status":"closed","template":"","meta":{"footnotes":""},"class_list":["post-181","page","type-page","status-publish","hentry"],"_links":{"self":[{"href":"https:\/\/www.margaritamariamilagros.com\/index.php?rest_route=\/wp\/v2\/pages\/181","targetHints":{"allow":["GET"]}}],"collection":[{"href":"https:\/\/www.margaritamariamilagros.com\/index.php?rest_route=\/wp\/v2\/pages"}],"about":[{"href":"https:\/\/www.margaritamariamilagros.com\/index.php?rest_route=\/wp\/v2\/types\/page"}],"author":[{"embeddable":true,"href":"https:\/\/www.margaritamariamilagros.com\/index.php?rest_route=\/wp\/v2\/users\/1"}],"replies":[{"embeddable":true,"href":"https:\/\/www.margaritamariamilagros.com\/index.php?rest_route=%2Fwp%2Fv2%2Fcomments&post=181"}],"version-history":[{"count":5,"href":"https:\/\/www.margaritamariamilagros.com\/index.php?rest_route=\/wp\/v2\/pages\/181\/revisions"}],"predecessor-version":[{"id":2107,"href":"https:\/\/www.margaritamariamilagros.com\/index.php?rest_route=\/wp\/v2\/pages\/181\/revisions\/2107"}],"wp:attachment":[{"href":"https:\/\/www.margaritamariamilagros.com\/index.php?rest_route=%2Fwp%2Fv2%2Fmedia&parent=181"}],"curies":[{"name":"wp","href":"https:\/\/api.w.org\/{rel}","templated":true}]}}